040 - 3?
-243112043
In base 8, what is 4 + 164433?
164437
In base 15, what is c + 62de?
62eb
In base 11, what is 335 + 19?
353
In base 12, what is -77833a + 4?
-778336
In base 10, what is 51326 - -13?
51339
In base 12, what is -b022 - -48?
-ab96
In base 12, what is -9b4b3 + -8?
-9b4bb
In base 2, what is 0 + -10110000010100100001?
-10110000010100100001
In base 8, what is 6234 + 2?
6236
In base 10, what is 14435 + -7?
14428
In base 7, what is -12 + 3521405?
3521363
In base 16, what is 15 - -e77b?
e790
In base 3, what is -122222012012 - 10?
-122222012022
In base 10, what is 891 + -123?
768
In base 9, what is 5538148 - -5?
5538154
In base 13, what is 1 + b5c3?
b5c4
In base 4, what is -122 - 22333?
-23121
In base 13, what is 14a0 + 60?
1530
In base 5, what is 32033 + -4400?
22133
In base 4, what is -11 - -313332112?
313332101
In base 3, what is 2211 + 1010122000?
1010201211
In base 9, what is -110 - -2888?
2778
In base 15, what is 189edc + -3?
189ed9
In base 11, what is -243677 - 3?
-24367a
In base 7, what is -15350 - -30?
-15320
In base 6, what is -33321520 + -4?
-33321524
In base 2, what is 111110010000011010 - 0?
111110010000011010
In base 7, what is -203503 - -5?
-203465
In base 12, what is 9 - 150941?
-150934
In base 9, what is 374 - -22?
406
In base 2, what is 101010011001000 - -100101100?
101010111110100
In base 8, what is -1 - -1432063?
1432062
In base 2, what is 1101101 + -11110101?
-10001000
In base 12, what is -593a9 + -2?
-593ab
In base 4, what is -132 - -12220?
12022
In base 14, what is 4bd + -22?
49b
In base 16, what is -16daab - 4?
-16daaf
In base 9, what is 1126 + 1787?
3024
In base 9, what is -3 - 256?
-260
In base 6, what is 3320 - -5340?
13100
In base 2, what is 10010 - -1110101000001101?
1110101000011111
In base 11, what is -49a99 - 3?
-49aa1
In base 2, what is -111001101101 + 110?
-111001100111
In base 8, what is 60 + -1301?
-1221
In base 3, what is -12202 + 21100?
1121
In base 5, what is 11 - 400001?
-344440
In base 15, what is -2c - -176?
149
In base 13, what is a1b + 5a?
a78
In base 3, what is -200 - -10121010?
10120110
In base 4, what is -3312130 + 103?
-3312021
In base 13, what is -4240 - 13?
-4253
In base 9, what is 4 - -5224?
5228
In base 15, what is -d + 1875?
1867
In base 6, what is 112023 + 12?
112035
In base 12, what is -4a4b5 - b?
-4a504
In base 6, what is 1035 + -544?
51
In base 11, what is 125680 + 3?
125683
In base 15, what is 5e + 1dc4?
1e33
In base 10, what is -3 - 134597?
-134600
In base 5, what is -1 - 1332233?
-1332234
In base 13, what is -37 + -470?
-4a7
In base 16, what is 10 - -e1e?
e2e
In base 12, what is 5 - -3b5a1?
3b5a6
In base 3, what is -21011111211 - 0?
-21011111211
In base 12, what is 3ba55 + 3?
3ba58
In base 15, what is 45 - -1d925?
1d96a
In base 4, what is 12223110 - -2?
12223112
In base 5, what is -42123 - -1?
-42122
In base 13, what is -78a2 - 2?
-78a4
In base 5, what is -2 + -131033?
-131040
In base 3, what is 11 + 211101102?
211101120
In base 7, what is 104511 + 13?
104524
In base 6, what is -113011 - -13?
-112554
In base 16, what is e + -2878?
-286a
In base 5, what is 1200 + 13403?
20103
In base 14, what is -37b - 353?
-6d0
In base 7, what is -15040 + 41?
-14666
In base 15, what is -1d8d - 18?
-1da6
In base 12, what is 4684 + -3?
4681
In base 8, what is 102107 + 1?
102110
In base 14, what is 5988 - -11?
5999
In base 9, what is 13 + -872?
-858
In base 16, what is -5 + ea7?
ea2
In base 16, what is -8 + -168ed?
-168f5
In base 13, what is c + -952?
-943
In base 5, what is 10122 - -23?
10200
In base 4, what is 1 + -30133312?
-30133311
In base 13, what is -a3ba + 0?
-a3ba
In base 11, what is -1 - 23204?
-23205
In base 2, what is 1000010100 + -100111?
111101101
In base 5, what is 202430 - 340?
202040
In base 10, what is -24 + 4874?
4850
In base 10, what is -3144 - 3?
-3147
In base 12, what is -589 - 1138?
-1705
In base 10, what is 3 + 232476?
232479
In base 5, what is 122044 + -12?
122032
In base 3, what is 1021001000 + -12?
1021000211
In base 6, what is -135555 + 21?
-135534
In base 16, what is 1c - -c803?
c81f
In base 14, what is -4 + 4958?
4954
In base 6, what is 1511035 - 25?
1511010
In base 3, what is 100222022 + 1102?
101000201
In base 10, what is 1502 - -1072?
2574
In base 4, what is 213133 - -100230?
320023
In base 3, what is 12111011 + -1111?
12102200
In base 6, what is 10 - 11125422?
-11125412
In base 3, what is -1101120211 - 202?
-1101121120
In base 11, what is 2 + -2536?
-2534
In base 8, what is 4 + 351025?
351031
In base 11, what is -a + 10624?
10615
In base 10, what is -34 + -202?
-236
In base 6, what is 31 - 23404?
-23333
In base 11, what is -17 - -13a40?
13a24
In base 9, what is 2 + -40313?
-40311
In base 7, what is -15655 - -16?
-15636
In base 13, what is -9 + 6a78?
6a6c
In base 15, what is 32 + -42bb?
-4289
In base 13, what is -1245c + 5?
-12457
In base 7, what is -1002 + 1560?
555
In base 16, what is -cab93 - 4?
-cab97
In base 3, what is -1101002 - 1021212?
-2122221
In base 6, what is -21145 - 3?
-21152
In base 14, what is 27c + 646?
8c4
In base 5, what is -11132324 + -4?
-11132333
In base 12, what is -797 + 4?
-793
In base 13, what is 0 - 731?
-731
In base 15, what is d3cb - 1c?
d3ae
In base 2, what is 1001000 - -100011101010?
100100110010
In base 15, what is -1 + 6958?
6957
In base 6, what is -151 + -4241?
-4432
In base 15, what is -1333 + 20?
-1313
In base 16, what is -16310 - 4?
-16314
In base 14, what is 4448 - -2?
444a
In base 9, what is 5481 + -88?
5382
In base 10, what is 522 + 49?
571
In base 7, what is 3 - 6666?
-6663
In base 8, what is -2245 + 37?
-2206
In base 14, what is -a47 - d6?
-b3d
In base 2, what is 1101101000110100110100 + -10?
1101101000110100110010
In base 8, what is 4 - -334157?
334163
In base 3, what is 110 + 112010022?
112010202
In base 12, what is -11a19 + -6?
-11a23
In base 3, what is 110 - 1001010020?
-1001002210
In base 4, what is 201103 + -310?
200133
In base 10, what is -396 - -19?
-377
In base 12, what is -16219 + -40?
-16259
In base 3, what is 1000 + 2211121211?
2211122211
In base 5, what is -2 + -10304103?
-10304110
In base 6, what is 13105513 - -3?
13105520
In base 15, what is -17814 + 2?
-17812
In base 12, what is -a12b7 - -17?
-a12a0
In base 5, what is 11 + -2224314?
-2224303
In base 16, what is 282a + -5e?
27cc
In base 4, what is 0 + -10302110?
-10302110
In base 10, what is -591379 + 3?
-591376
In base 16, what is 27cd - 5?
27c8
In base 9, what is -3 - 3634?
-3637
In base 15, what is -3 - d147b?
-d147e
In base 2, what is 11011100011000010000 + 1?
11011100011000010001
In base 7, what is -4 + -56156?
-56163
In base 15, what is 2a + e?
39
In base 14, what is 21238 + 5?
2123d
In base 8, what is 37500 - -5?
37505
In base 8, what is -60621 - 4?
-60625
In base 2, what is 111101100 - 1110110011?
-111000111
In base 14, what is 213887 - 0?
213887
In base 5, what is 2 + -3223110?
-3223103
In base 15, what is -577a + -1?
-577b
In base 13, what is -4 - -28b?
287
In base 7, what is -3 - 3021026?
-3021032
In base 16, what is -2 - 9ecf?
-9ed1
In base 13, what is 146 + -103?
43
In base 15, what is -318b - -4?
-3187
In base 2, what is 10 + 1001101000110011011?
1001101000110011101
In base 16, what is -1 - 8cd2?
-8cd3
In base 8, what is -22734 + 1?
-22733
In base 11, what is 150 - -398?
538
In base 14, what is -a7 - b50?
-c17
In base 8, what is -2 + 512446?
512444
In base 12, what is -34 - 6997?
-6a0b
In base 16, what is -c08a - a?
-c094
In base 8, what is -55 - -1344?
1267
In base 5, what is 2 + 2034323?
2034330
In base 8, what is 37207 - 57?
37130
In base 13, what is 3c83 + 45?
3cc8
In base 14, what is 6c214 + -8?
6c20a
In base 3, what is 1120 + 12100021?
12101211
In base 12, what is -391a4 - -5?
-3919b
In base 6, what is -110143124 + -4?
-110143132
In base 8, what is 104240 + -6?
104232
In base 11, what is 3 + -61762?
-6175a
In base 6, what is -4 - -25040455?
25040451
In base 11, what is 353 - 458?
-105
In base 13, what is -aa581 - -2?
-aa57c
In base 2, what is 100 - 1010110101111?
-1010110101011
In base 12, what is -1800 + 13?
-17a9
In base 4, what is -13200031 - -13?
-13200012
In base 14, what is 5 + -18c596?
-18c591
In base 5, what is 0 - 104412243?
-104412243
In base 2, what is -1001 - -10101?
1100
In base 5, what is -124000314 - 1?
-124000320
In ba